{"id":88,"date":"2024-07-17T02:03:27","date_gmt":"2024-07-17T02:03:27","guid":{"rendered":"https:\/\/jaim-online.net\/media\/?page_id=88"},"modified":"2024-07-17T02:03:41","modified_gmt":"2024-07-17T02:03:41","slug":"about-us","status":"publish","type":"page","link":"https:\/\/jaim-online.net\/media\/about-us\/","title":{"rendered":"About Us"},"content":{"rendered":"<p style=\"text-align: justify;\"><strong>About the Media Library<\/strong><\/p>\n<p style=\"text-align: justify;\">THE JAIM &#8211; SRANF &#8211; JRANF MEDIA LIBRARY<\/p>\n<p style=\"text-align: justify;\">THE JAIM &#8211; SRANF &#8211; JRANF MEDIA LIBRARY, is the online training and information service of JAIM (Journal Africain d\u2019Imagerie M\u00e9dicale (J Afr Imag M\u00e9d)), SRANF (Soci\u00e9t\u00e9 de Radiologie d&#8217;Afrique Noire Francophone), and JRANF (Journ\u00e9e de Radiologie d\u2019Afrique Noire Francophone).<\/p>\n<p style=\"text-align: justify;\">It offers you access to JRANF electronic courses and posters, SRANF and JAIM Webinars, recorded training from SRANF national member societies, courses and conferences from SRANF Masters, and images of meetings and congresses of the SRANF.<\/p>\n<p style=\"text-align: justify;\">It provides access to useful information on the activities of the SRANF, JRANF and national societies. It offers clinical cases for the purpose of Continuing Medical Education (CME).<\/p>\n<p style=\"text-align: justify;\">Electronic viewing of courses, conferences and posters is reserved for SRANF members and JAIM subscribers.<\/p>\n","protected":false},"excerpt":{"rendered":"<p>About the Media Library THE JAIM &#8211; SRANF &#8211; JRANF MEDIA LIBRARY THE JAIM &#8211;&#8230;<\/p>\n","protected":false},"author":1,"featured_media":0,"parent":0,"menu_order":0,"comment_status":"closed","ping_status":"closed","template":"","meta":{"footnotes":""},"class_list":["post-88","page","type-page","status-publish","hentry"],"_links":{"self":[{"href":"https:\/\/jaim-online.net\/media\/wp-json\/wp\/v2\/pages\/88","targetHints":{"allow":["GET"]}}],"collection":[{"href":"https:\/\/jaim-online.net\/media\/wp-json\/wp\/v2\/pages"}],"about":[{"href":"https:\/\/jaim-online.net\/media\/wp-json\/wp\/v2\/types\/page"}],"author":[{"embeddable":true,"href":"https:\/\/jaim-online.net\/media\/wp-json\/wp\/v2\/users\/1"}],"replies":[{"embeddable":true,"href":"https:\/\/jaim-online.net\/media\/wp-json\/wp\/v2\/comments?post=88"}],"version-history":[{"count":2,"href":"https:\/\/jaim-online.net\/media\/wp-json\/wp\/v2\/pages\/88\/revisions"}],"predecessor-version":[{"id":90,"href":"https:\/\/jaim-online.net\/media\/wp-json\/wp\/v2\/pages\/88\/revisions\/90"}],"wp:attachment":[{"href":"https:\/\/jaim-online.net\/media\/wp-json\/wp\/v2\/media?parent=88"}],"curies":[{"name":"wp","href":"https:\/\/api.w.org\/{rel}","templated":true}]}}